{"id":9933,"date":"2016-03-08T13:07:12","date_gmt":"2016-03-08T11:07:12","guid":{"rendered":"https:\/\/www.sera.asso.fr\/?post_type=tribe_events&#038;p=9933"},"modified":"2016-03-09T00:14:33","modified_gmt":"2016-03-08T22:14:33","slug":"reunion-dinformation-ondes-linky-mercredi-16-mars-de-18h-a-20-h-a-ludaf-du-rhone","status":"publish","type":"tribe_events","link":"https:\/\/www.sera.asso.fr\/index.php\/event\/reunion-dinformation-ondes-linky-mercredi-16-mars-de-18h-a-20-h-a-ludaf-du-rhone\/","title":{"rendered":"16 mars de 18h \u00e0 20 h Lyon &#8211; r\u00e9union d\u2019information rayonnements non ionisants Linky Gaspard"},"content":{"rendered":"<p style=\"text-align: center;\"><a href=\"https:\/\/www.sera.asso.fr\/wp-content\/uploads\/2016\/03\/Invitation-CVQ-les-ondes-Lyon-SERA-page-001.jpg\" target=\"_blank\" rel=\"attachment wp-att-9934\"><img loading=\"lazy\" decoding=\"async\" class=\"aligncenter size-full wp-image-9934\" src=\"https:\/\/www.sera.asso.fr\/wp-content\/uploads\/2016\/03\/Invitation-CVQ-les-ondes-Lyon-SERA-page-001.jpg\" alt=\"Invitation CVQ les ondes -Lyon SERA\" width=\"1240\" height=\"1754\" \/><\/a>A l&rsquo;invitation de la CSF du Rh\u00f4ne nous d\u00e9battrons ensemble le mercredi 16 mars de 18h \u00e0 20 h \u00e0 l\u2019UDAF du Rh\u00f4ne de ce que sont les compteurs dits intelligents qui doivent simplifier notre vie : qu&rsquo;en est-il??<\/p>\n<p style=\"text-align: center;\"><strong><a href=\"https:\/\/www.google.fr\/maps\/place\/12+Rue+Jean-Marie+Chavant,+69007+Lyon\/data=!4m2!3m1!1s0x47f4ea42c1899509:0x4853a7c695fc698f?sa=X&amp;ved=0ahUKEwj637C4-rDLAhXGXBoKHZN-D_cQ8gEIGzAA\" target=\"_blank\">LOCALISATION<\/a><\/strong><\/p>\n","protected":false},"excerpt":{"rendered":"<p>A l&rsquo;invitation de la CSF du Rh\u00f4ne nous d\u00e9battrons ensemble le mercredi 16 mars de 18h \u00e0 20 h \u00e0 l\u2019UDAF du Rh\u00f4ne de ce que sont les compteurs dits &hellip; <a href=\"https:\/\/www.sera.asso.fr\/index.php\/event\/reunion-dinformation-ondes-linky-mercredi-16-mars-de-18h-a-20-h-a-ludaf-du-rhone\/\" class=\"more-link\">Continuer la lecture de <span class=\"screen-reader-text\">16 mars de 18h \u00e0 20 h Lyon &#8211; r\u00e9union d\u2019information rayonnements non ionisants Linky Gaspard<\/span> <span class=\"meta-nav\">&rarr;<\/span><\/a><\/p>\n","protected":false},"author":17,"featured_media":0,"template":"","meta":{"_tribe_events_status":"","_tribe_events_status_reason":"","footnotes":""},"tags":[88,258],"tribe_events_cat":[],"class_list":["post-9933","tribe_events","type-tribe_events","status-publish","hentry","tag-electrohypersensibles-ehs","tag-rayonnements-non-ionisants"],"wps_subtitle":"","_links":{"self":[{"href":"https:\/\/www.sera.asso.fr\/index.php\/wp-json\/wp\/v2\/tribe_events\/9933","targetHints":{"allow":["GET"]}}],"collection":[{"href":"https:\/\/www.sera.asso.fr\/index.php\/wp-json\/wp\/v2\/tribe_events"}],"about":[{"href":"https:\/\/www.sera.asso.fr\/index.php\/wp-json\/wp\/v2\/types\/tribe_events"}],"author":[{"embeddable":true,"href":"https:\/\/www.sera.asso.fr\/index.php\/wp-json\/wp\/v2\/users\/17"}],"version-history":[{"count":1,"href":"https:\/\/www.sera.asso.fr\/index.php\/wp-json\/wp\/v2\/tribe_events\/9933\/revisions"}],"predecessor-version":[{"id":9937,"href":"https:\/\/www.sera.asso.fr\/index.php\/wp-json\/wp\/v2\/tribe_events\/9933\/revisions\/9937"}],"wp:attachment":[{"href":"https:\/\/www.sera.asso.fr\/index.php\/wp-json\/wp\/v2\/media?parent=9933"}],"wp:term":[{"taxonomy":"post_tag","embeddable":true,"href":"https:\/\/www.sera.asso.fr\/index.php\/wp-json\/wp\/v2\/tags?post=9933"},{"taxonomy":"tribe_events_cat","embeddable":true,"href":"https:\/\/www.sera.asso.fr\/index.php\/wp-json\/wp\/v2\/tribe_events_cat?post=9933"}],"curies":[{"name":"wp","href":"https:\/\/api.w.org\/{rel}","templated":true}]}}

16 mars de 18h à 20 h Lyon &#8211; réunion d’information rayonnements non ionisants Linky Gaspard

<p style="text-align: center;"><a href="https://www.sera.asso.fr/wp-content/uploads/2016/03/Invitation-CVQ-les-ondes-Lyon-SERA-page-001.jpg" target="_blank" rel="attachment wp-att-9934"><img loading="lazy" decoding="async" class="aligncenter size-full wp-image-9934" src="https://www.sera.asso.fr/wp-content/uploads/2016/03/Invitation-CVQ-les-ondes-Lyon-SERA-page-001.jpg" alt="Invitation CVQ les ondes -Lyon SERA" width="1240" height="1754" /></a>A l&rsquo;invitation de la CSF du Rhône nous débattrons ensemble le mercredi 16 mars de 18h à 20 h à l’UDAF du Rhône de ce que sont les compteurs dits intelligents qui doivent simplifier notre vie : qu&rsquo;en est-il??</p>
<p style="text-align: center;"><strong><a href="https://www.google.fr/maps/place/12+Rue+Jean-Marie+Chavant,+69007+Lyon/data=!4m2!3m1!1s0x47f4ea42c1899509:0x4853a7c695fc698f?sa=X&amp;ved=0ahUKEwj637C4-rDLAhXGXBoKHZN-D_cQ8gEIGzAA" target="_blank">LOCALISATION</a></strong></p>

<p>A l&rsquo;invitation de la CSF du Rhône nous débattrons ensemble le mercredi 16 mars de 18h à 20 h à l’UDAF du Rhône de ce que sont les compteurs dits &hellip; <a href="https://www.sera.asso.fr/index.php/event/reunion-dinformation-ondes-linky-mercredi-16-mars-de-18h-a-20-h-a-ludaf-du-rhone/" class="more-link">Continuer la lecture de <span class="screen-reader-text">16 mars de 18h à 20 h Lyon &#8211; réunion d’information rayonnements non ionisants Linky Gaspard</span> <span class="meta-nav">&rarr;</span></a></p>
