{"id":6774,"date":"2014-08-14T13:00:34","date_gmt":"2014-08-14T11:00:34","guid":{"rendered":"https:\/\/www.sera.asso.fr\/?post_type=tribe_events&#038;p=6774"},"modified":"2015-01-09T23:22:42","modified_gmt":"2015-01-09T21:22:42","slug":"rencontre-nationale-des-personnes-electrosensibles-du-25-aout-au-1er-septembre-2014","status":"publish","type":"tribe_events","link":"https:\/\/www.sera.asso.fr\/index.php\/event\/rencontre-nationale-des-personnes-electrosensibles-du-25-aout-au-1er-septembre-2014\/","title":{"rendered":"Rencontre internationale des personnes \u00e9lectrosensibles &#8211; du 25 ao\u00fbt au 1er septembre 2014"},"content":{"rendered":"<p style=\"text-align: center;\"><span style=\"color: #ffffff;\">.<\/span><\/p>\n<p style=\"text-align: center;\"><strong><span style=\"color: #0000ff;\"><span style=\"font-family: 'Bookman Old Style', serif;\"><span style=\"font-size: large;\"><span style=\"color: #003300;\">Rencontre\u00a0inter\u200bnationale des personnes \u00e9lectrosensibles\u00a0:\u00a0<\/span><a href=\"http:\/\/uneterrepourlesehs.org\/spip.php?page=sommaire_rassemblement_2014&amp;id_rubrique=7\" target=\"_blank\">SITE ICI<\/a><\/span><\/span><\/span><\/strong><\/p>\n<p style=\"text-align: center;\"><strong>du 25 ao\u00fbt au 1er septembre 2014<\/strong><\/p>\n<p style=\"text-align: center;\"><a href=\"https:\/\/www.sera.asso.fr\/wp-content\/uploads\/2014\/06\/Logo_uneterrepourlesEH-transmis-asso.jpg\" target=\"_blank\"><img loading=\"lazy\" decoding=\"async\" class=\"aligncenter size-thumbnail wp-image-6415\" src=\"https:\/\/www.sera.asso.fr\/wp-content\/uploads\/2014\/06\/Logo_uneterrepourlesEH-transmis-asso-150x150.jpg\" alt=\"Logo_uneterrepourlesEH-transmis-asso\" width=\"150\" height=\"150\" \/><\/a><\/p>\n<p style=\"text-align: justify;\"><strong>L&rsquo;objet de ce rassemblement est d&rsquo;envisager la cr\u00e9ation d&rsquo;un site sur Saint Julien en Beauch\u00eane qui permettrait aux personnes EHS de trouver un lieu de \u00a0ressourcement pour soulager leurs sympt\u00f4mes.<\/strong><\/p>\n<p style=\"text-align: justify;\">Le lieu du rassemblement se situe\u00a0dans les gorges de \u00ab Riou froid \u00bb qui sont sur la commune de St Julien-en-Beauch\u00eane (Haute-Alpes) \u00e0\u00a0la clairi\u00e8re du <strong>g\u00eete des Chabottes<\/strong> (fond des gorges) au bout d&rsquo;une route foresti\u00e8re difficilement carrossable.<\/p>\n<p style=\"text-align: justify;\"><span style=\"color: #222222;\"><em><strong>Comment s&rsquo;y rendre ?<\/strong> A Lus la Croix Haute, prendre la direction de la Jarjatte. A peine \u00e0 la sortie de Lus, au garage Misserian aper\u00e7u sur la droite, prendre la direction de Gorges de Rioufroid, Chartreuse de Durbon sur la droite \u00e0 l&#8217;embranchement. Rouler 5,4 km exactement sur une route tr\u00e8s \u00e9troite jusqu&rsquo;au Gite de l&rsquo;ONF des Chabottes. Vous risquez de ne pas apercevoir le gite de la route qui se trouve sur la gauche mais des indications seront pr\u00e9sentes<\/em>.\u00a0<\/span><strong><a title=\"Rencontre nationale des personnes \u00e9lectrosensibles SITE ICI\" href=\"http:\/\/uneterrepourlesehs.org\/spip.php?page=sommaire_rassemblement_2014&amp;id_rubrique=7\" target=\"_blank\">SITE ICI<\/a><\/strong><\/p>\n<p style=\"text-align: justify;\"><strong>La\u00a0<span style=\"color: #444444;\">\u00a0journ\u00e9e du 28 ao\u00fbt sera un point fort du rassemblement avec une conf\u00e9rence de presse avec diff\u00e9rentes personnalit\u00e9s. <\/span><\/strong><\/p>\n<p style=\"text-align: justify;\"><span style=\"color: #444444;\">SERA participera \u00e0 cette journ\u00e9e r\u00e9gionale importante.<\/span><\/p>\n<p><a href=\"https:\/\/www.sera.asso.fr\/wp-content\/uploads\/2014\/08\/Affiche-rassemblement-personnes-EHS.jpg\" target=\"_blank\"><img loading=\"lazy\" decoding=\"async\" class=\"aligncenter  wp-image-6775\" src=\"https:\/\/www.sera.asso.fr\/wp-content\/uploads\/2014\/08\/Affiche-rassemblement-personnes-EHS-300x225.jpg\" alt=\"Affiche rassemblement personnes EHS\" width=\"411\" height=\"394\" \/><\/a><\/p>\n<p>&nbsp;<\/p>\n<p>&nbsp;<\/p>\n<p style=\"text-align: right;\"><span style=\"font-family: 'Vladimir Script', cursive; color: #ffffff;\"><span style=\"font-size: xx-small;\">excus\u00e9 Guillaume Ageorges<\/span><\/span><\/p>\n","protected":false},"excerpt":{"rendered":"<p>. Rencontre\u00a0inter\u200bnationale des personnes \u00e9lectrosensibles\u00a0:\u00a0SITE ICI du 25 ao\u00fbt au 1er septembre 2014 L&rsquo;objet de ce rassemblement est d&rsquo;envisager la cr\u00e9ation d&rsquo;un site sur Saint Julien en Beauch\u00eane qui permettrait &hellip; <a href=\"https:\/\/www.sera.asso.fr\/index.php\/event\/rencontre-nationale-des-personnes-electrosensibles-du-25-aout-au-1er-septembre-2014\/\" class=\"more-link\">Continuer la lecture de <span class=\"screen-reader-text\">Rencontre internationale des personnes \u00e9lectrosensibles &#8211; du 25 ao\u00fbt au 1er septembre 2014<\/span> <span class=\"meta-nav\">&rarr;<\/span><\/a><\/p>\n","protected":false},"author":17,"featured_media":0,"template":"","meta":{"_tribe_events_status":"","_tribe_events_status_reason":"","footnotes":""},"tags":[80],"tribe_events_cat":[],"class_list":["post-6774","tribe_events","type-tribe_events","status-publish","hentry","tag-ehszone-blanche"],"wps_subtitle":"","_links":{"self":[{"href":"https:\/\/www.sera.asso.fr\/index.php\/wp-json\/wp\/v2\/tribe_events\/6774","targetHints":{"allow":["GET"]}}],"collection":[{"href":"https:\/\/www.sera.asso.fr\/index.php\/wp-json\/wp\/v2\/tribe_events"}],"about":[{"href":"https:\/\/www.sera.asso.fr\/index.php\/wp-json\/wp\/v2\/types\/tribe_events"}],"author":[{"embeddable":true,"href":"https:\/\/www.sera.asso.fr\/index.php\/wp-json\/wp\/v2\/users\/17"}],"version-history":[{"count":1,"href":"https:\/\/www.sera.asso.fr\/index.php\/wp-json\/wp\/v2\/tribe_events\/6774\/revisions"}],"predecessor-version":[{"id":6778,"href":"https:\/\/www.sera.asso.fr\/index.php\/wp-json\/wp\/v2\/tribe_events\/6774\/revisions\/6778"}],"wp:attachment":[{"href":"https:\/\/www.sera.asso.fr\/index.php\/wp-json\/wp\/v2\/media?parent=6774"}],"wp:term":[{"taxonomy":"post_tag","embeddable":true,"href":"https:\/\/www.sera.asso.fr\/index.php\/wp-json\/wp\/v2\/tags?post=6774"},{"taxonomy":"tribe_events_cat","embeddable":true,"href":"https:\/\/www.sera.asso.fr\/index.php\/wp-json\/wp\/v2\/tribe_events_cat?post=6774"}],"curies":[{"name":"wp","href":"https:\/\/api.w.org\/{rel}","templated":true}]}}

Rencontre internationale des personnes électrosensibles &#8211; du 25 août au 1er septembre 2014

<p style="text-align: center;"><span style="color: #ffffff;">.</span></p>
<p style="text-align: center;"><strong><span style="color: #0000ff;"><span style="font-family: 'Bookman Old Style', serif;"><span style="font-size: large;"><span style="color: #003300;">Rencontre inter​nationale des personnes électrosensibles : </span><a href="http://uneterrepourlesehs.org/spip.php?page=sommaire_rassemblement_2014&amp;id_rubrique=7" target="_blank">SITE ICI</a></span></span></span></strong></p>
<p style="text-align: center;"><strong>du 25 août au 1er septembre 2014</strong></p>
<p style="text-align: center;"><a href="https://www.sera.asso.fr/wp-content/uploads/2014/06/Logo_uneterrepourlesEH-transmis-asso.jpg" target="_blank"><img loading="lazy" decoding="async" class="aligncenter size-thumbnail wp-image-6415" src="https://www.sera.asso.fr/wp-content/uploads/2014/06/Logo_uneterrepourlesEH-transmis-asso-150x150.jpg" alt="Logo_uneterrepourlesEH-transmis-asso" width="150" height="150" /></a></p>
<p style="text-align: justify;"><strong>L&rsquo;objet de ce rassemblement est d&rsquo;envisager la création d&rsquo;un site sur Saint Julien en Beauchêne qui permettrait aux personnes EHS de trouver un lieu de  ressourcement pour soulager leurs symptômes.</strong></p>
<p style="text-align: justify;">Le lieu du rassemblement se situe dans les gorges de « Riou froid » qui sont sur la commune de St Julien-en-Beauchêne (Haute-Alpes) à la clairière du <strong>gîte des Chabottes</strong> (fond des gorges) au bout d&rsquo;une route forestière difficilement carrossable.</p>
<p style="text-align: justify;"><span style="color: #222222;"><em><strong>Comment s&rsquo;y rendre ?</strong> A Lus la Croix Haute, prendre la direction de la Jarjatte. A peine à la sortie de Lus, au garage Misserian aperçu sur la droite, prendre la direction de Gorges de Rioufroid, Chartreuse de Durbon sur la droite à l&#8217;embranchement. Rouler 5,4 km exactement sur une route très étroite jusqu&rsquo;au Gite de l&rsquo;ONF des Chabottes. Vous risquez de ne pas apercevoir le gite de la route qui se trouve sur la gauche mais des indications seront présentes</em>. </span><strong><a title="Rencontre nationale des personnes électrosensibles SITE ICI" href="http://uneterrepourlesehs.org/spip.php?page=sommaire_rassemblement_2014&amp;id_rubrique=7" target="_blank">SITE ICI</a></strong></p>
<p style="text-align: justify;"><strong>La <span style="color: #444444;"> journée du 28 août sera un point fort du rassemblement avec une conférence de presse avec différentes personnalités. </span></strong></p>
<p style="text-align: justify;"><span style="color: #444444;">SERA participera à cette journée régionale importante.</span></p>
<p><a href="https://www.sera.asso.fr/wp-content/uploads/2014/08/Affiche-rassemblement-personnes-EHS.jpg" target="_blank"><img loading="lazy" decoding="async" class="aligncenter  wp-image-6775" src="https://www.sera.asso.fr/wp-content/uploads/2014/08/Affiche-rassemblement-personnes-EHS-300x225.jpg" alt="Affiche rassemblement personnes EHS" width="411" height="394" /></a></p>
<p>&nbsp;</p>
<p>&nbsp;</p>
<p style="text-align: right;"><span style="font-family: 'Vladimir Script', cursive; color: #ffffff;"><span style="font-size: xx-small;">excusé Guillaume Ageorges</span></span></p>

<p>. Rencontre inter​nationale des personnes électrosensibles : SITE ICI du 25 août au 1er septembre 2014 L&rsquo;objet de ce rassemblement est d&rsquo;envisager la création d&rsquo;un site sur Saint Julien en Beauchêne qui permettrait &hellip; <a href="https://www.sera.asso.fr/index.php/event/rencontre-nationale-des-personnes-electrosensibles-du-25-aout-au-1er-septembre-2014/" class="more-link">Continuer la lecture de <span class="screen-reader-text">Rencontre internationale des personnes électrosensibles &#8211; du 25 août au 1er septembre 2014</span> <span class="meta-nav">&rarr;</span></a></p>
