{"id":6678,"date":"2014-06-20T11:08:13","date_gmt":"2014-06-20T09:08:13","guid":{"rendered":"https:\/\/www.sera.asso.fr\/?post_type=tribe_events&#038;p=6678"},"modified":"2014-06-20T11:08:13","modified_gmt":"2014-06-20T09:08:13","slug":"atelier-quelle-relation-a-la-nourriture","status":"publish","type":"tribe_events","link":"https:\/\/www.sera.asso.fr\/index.php\/event\/atelier-quelle-relation-a-la-nourriture\/","title":{"rendered":"Atelier : \u00ab\u00a0Quelle relation \u00e0 la nourriture?\u00a0\u00bb"},"content":{"rendered":"<p style=\"text-align: justify;\">Cet atelier a pour objectif une prise de conscience des facteurs des d\u00e9terminants alimentaires (r\u00f4le du marketing, influence sur les go\u00fbts, &#8230;) de la part de parents, afin de leur donner des outils utiles \u00e0 l&rsquo;\u00e9ducation alimentaire. Des concepts clefs li\u00e9s aux probl\u00e8mes\u00a0de la relation \u00e0 l&rsquo;aliment pourront \u00e9galement \u00eatre \u00e9voqu\u00e9s.<span style=\"color: #0000ff;\"><br \/>\n<\/span><\/p>\n","protected":false},"excerpt":{"rendered":"<p>Cet atelier a pour objectif une prise de conscience des facteurs des d\u00e9terminants alimentaires (r\u00f4le du marketing, influence sur les go\u00fbts, &#8230;) de la part de parents, afin de leur &hellip; <a href=\"https:\/\/www.sera.asso.fr\/index.php\/event\/atelier-quelle-relation-a-la-nourriture\/\" class=\"more-link\">Continuer la lecture de <span class=\"screen-reader-text\">Atelier : \u00ab\u00a0Quelle relation \u00e0 la nourriture?\u00a0\u00bb<\/span> <span class=\"meta-nav\">&rarr;<\/span><\/a><\/p>\n","protected":false},"author":17,"featured_media":0,"template":"","meta":{"_tribe_events_status":"","_tribe_events_status_reason":"","footnotes":""},"tags":[77,79,78],"tribe_events_cat":[76],"class_list":["post-6678","tribe_events","type-tribe_events","status-publish","hentry","tag-alimentation-2","tag-determinants-du-comportement-alimentaire","tag-education-alimentaire","tribe_events_cat-sur-inscription","cat_sur-inscription"],"wps_subtitle":"","_links":{"self":[{"href":"https:\/\/www.sera.asso.fr\/index.php\/wp-json\/wp\/v2\/tribe_events\/6678","targetHints":{"allow":["GET"]}}],"collection":[{"href":"https:\/\/www.sera.asso.fr\/index.php\/wp-json\/wp\/v2\/tribe_events"}],"about":[{"href":"https:\/\/www.sera.asso.fr\/index.php\/wp-json\/wp\/v2\/types\/tribe_events"}],"author":[{"embeddable":true,"href":"https:\/\/www.sera.asso.fr\/index.php\/wp-json\/wp\/v2\/users\/17"}],"version-history":[{"count":0,"href":"https:\/\/www.sera.asso.fr\/index.php\/wp-json\/wp\/v2\/tribe_events\/6678\/revisions"}],"wp:attachment":[{"href":"https:\/\/www.sera.asso.fr\/index.php\/wp-json\/wp\/v2\/media?parent=6678"}],"wp:term":[{"taxonomy":"post_tag","embeddable":true,"href":"https:\/\/www.sera.asso.fr\/index.php\/wp-json\/wp\/v2\/tags?post=6678"},{"taxonomy":"tribe_events_cat","embeddable":true,"href":"https:\/\/www.sera.asso.fr\/index.php\/wp-json\/wp\/v2\/tribe_events_cat?post=6678"}],"curies":[{"name":"wp","href":"https:\/\/api.w.org\/{rel}","templated":true}]}}

Atelier : « Quelle relation à la nourriture? »

<p style="text-align: justify;">Cet atelier a pour objectif une prise de conscience des facteurs des déterminants alimentaires (rôle du marketing, influence sur les goûts, &#8230;) de la part de parents, afin de leur donner des outils utiles à l&rsquo;éducation alimentaire. Des concepts clefs liés aux problèmes de la relation à l&rsquo;aliment pourront également être évoqués.<span style="color: #0000ff;"><br />
</span></p>

<p>Cet atelier a pour objectif une prise de conscience des facteurs des déterminants alimentaires (rôle du marketing, influence sur les goûts, &#8230;) de la part de parents, afin de leur &hellip; <a href="https://www.sera.asso.fr/index.php/event/atelier-quelle-relation-a-la-nourriture/" class="more-link">Continuer la lecture de <span class="screen-reader-text">Atelier : « Quelle relation à la nourriture? »</span> <span class="meta-nav">&rarr;</span></a></p>
