{"id":30138,"date":"2026-07-13T09:45:58","date_gmt":"2026-07-13T07:45:58","guid":{"rendered":"https:\/\/www.sera.asso.fr\/?post_type=tribe_events&#038;p=30138"},"modified":"2026-08-17T22:50:11","modified_gmt":"2026-08-17T20:50:11","slug":"30138","status":"publish","type":"tribe_events","link":"https:\/\/www.sera.asso.fr\/index.php\/event\/30138\/","title":{"rendered":"Festival de l&rsquo;ALbenc : 30 ans de l&rsquo;avenir au naturel:  du 5 au 6 septembre"},"content":{"rendered":"<p><strong>Le Festival L\u2019Avenir au Naturel f\u00eatera ses 30 ans les 5 et 6 septembre 2026 \u00e0 L\u2019Albenc, 38470<\/strong>.<\/p>\n<p style=\"text-align: justify;\">Pendant deux jours, le village de L\u2019Albenc devient un v\u00e9ritable lieu de d\u00e9couverte et de partage o\u00f9 se croisent initiatives locales, savoir-faire artisanaux, solutions \u00e9cologiques et r\u00e9flexions sur notre avenir commun. Le festival a pour ambition de r\u00e9concilier l\u2019humain et son environnement, encourager l\u2019engagement citoyen et faire conna\u00eetre les initiatives qui construisent un monde plus durable.<\/p>\n<p style=\"text-align: justify;\"><a href=\"https:\/\/www.sera.asso.fr\/wp-content\/uploads\/2026\/07\/ALBENC-2026-.png\"><img loading=\"lazy\" decoding=\"async\" class=\" wp-image-30249 aligncenter\" src=\"https:\/\/www.sera.asso.fr\/wp-content\/uploads\/2026\/07\/ALBENC-2026--300x169.png\" alt=\"\" width=\"341\" height=\"192\" srcset=\"https:\/\/www.sera.asso.fr\/wp-content\/uploads\/2026\/07\/ALBENC-2026--300x169.png 300w, https:\/\/www.sera.asso.fr\/wp-content\/uploads\/2026\/07\/ALBENC-2026--1024x576.png 1024w, https:\/\/www.sera.asso.fr\/wp-content\/uploads\/2026\/07\/ALBENC-2026--768x432.png 768w, https:\/\/www.sera.asso.fr\/wp-content\/uploads\/2026\/07\/ALBENC-2026--1536x864.png 1536w, https:\/\/www.sera.asso.fr\/wp-content\/uploads\/2026\/07\/ALBENC-2026--140x79.png 140w, https:\/\/www.sera.asso.fr\/wp-content\/uploads\/2026\/07\/ALBENC-2026--250x141.png 250w, https:\/\/www.sera.asso.fr\/wp-content\/uploads\/2026\/07\/ALBENC-2026--1320x743.png 1320w, https:\/\/www.sera.asso.fr\/wp-content\/uploads\/2026\/07\/ALBENC-2026-.png 1920w\" sizes=\"auto, (max-width: 341px) 100vw, 341px\" \/><\/a><\/p>\n<p style=\"text-align: justify;\">L\u2019\u00e9dition 2026 sera particuli\u00e8rement symbolique puisqu\u2019elle marquera trois d\u00e9cennies d\u2019engagement, de rencontres et de mobilisation citoyenne. Pour c\u00e9l\u00e9brer cet anniversaire, les \u00e9quipes salari\u00e9es et b\u00e9n\u00e9voles sont d\u00e9j\u00e0 mobilis\u00e9es afin de proposer une \u00e9dition festive, inspirante et tourn\u00e9e vers l\u2019avenir !<\/p>\n<p><strong>Vous pouvez\u00a0 t\u00e9l\u00e9charger <\/strong>le kit de communication pour disposer directement chez vous des programmes et visuels du festival 2026. <a href=\"https:\/\/7rog6.r.sp1-brevo.net\/mk\/cl\/f\/sh\/6rqJfgq8dINmOPnfyBRBXUCpDK0\/vDv5BJvbS8TZ\" target=\"_blank\" rel=\"noopener noreferrer\" type=\"absoluteLink\">Programmes et visuels festival 2026.<\/a><\/p>\n<p>Les derni\u00e8res mises \u00e0 jour seront <strong>directement publi\u00e9es sur le site internet<\/strong> : <a href=\"https:\/\/7rog6.r.sp1-brevo.net\/mk\/cl\/f\/sh\/6rqJfgq8dIPRQs5pSUqjT5Kkqd2\/tnNpBVNjiAaJ\" target=\"_blank\" rel=\"noopener noreferrer\" type=\"absoluteLink\" data-fr-linked=\"true\">www.enisere.fr<\/a><\/p>\n","protected":false},"excerpt":{"rendered":"<p>Le Festival L\u2019Avenir au Naturel f\u00eatera ses 30 ans les 5 et 6 septembre 2026 \u00e0 L\u2019Albenc, 38470. Pendant deux jours, le village de L\u2019Albenc devient un v\u00e9ritable lieu de &hellip; <a href=\"https:\/\/www.sera.asso.fr\/index.php\/event\/30138\/\" class=\"more-link\">Continuer la lecture de <span class=\"screen-reader-text\">Festival de l&rsquo;ALbenc : 30 ans de l&rsquo;avenir au naturel:  du 5 au 6 septembre<\/span> <span class=\"meta-nav\">&rarr;<\/span><\/a><\/p>\n","protected":false},"author":17,"featured_media":0,"template":"","meta":{"_tribe_events_status":"","_tribe_events_status_reason":"","footnotes":""},"tags":[],"tribe_events_cat":[75],"class_list":["post-30138","tribe_events","type-tribe_events","status-publish","hentry","tribe_events_cat-public","cat_public"],"wps_subtitle":"","_links":{"self":[{"href":"https:\/\/www.sera.asso.fr\/index.php\/wp-json\/wp\/v2\/tribe_events\/30138","targetHints":{"allow":["GET"]}}],"collection":[{"href":"https:\/\/www.sera.asso.fr\/index.php\/wp-json\/wp\/v2\/tribe_events"}],"about":[{"href":"https:\/\/www.sera.asso.fr\/index.php\/wp-json\/wp\/v2\/types\/tribe_events"}],"author":[{"embeddable":true,"href":"https:\/\/www.sera.asso.fr\/index.php\/wp-json\/wp\/v2\/users\/17"}],"version-history":[{"count":6,"href":"https:\/\/www.sera.asso.fr\/index.php\/wp-json\/wp\/v2\/tribe_events\/30138\/revisions"}],"predecessor-version":[{"id":30252,"href":"https:\/\/www.sera.asso.fr\/index.php\/wp-json\/wp\/v2\/tribe_events\/30138\/revisions\/30252"}],"wp:attachment":[{"href":"https:\/\/www.sera.asso.fr\/index.php\/wp-json\/wp\/v2\/media?parent=30138"}],"wp:term":[{"taxonomy":"post_tag","embeddable":true,"href":"https:\/\/www.sera.asso.fr\/index.php\/wp-json\/wp\/v2\/tags?post=30138"},{"taxonomy":"tribe_events_cat","embeddable":true,"href":"https:\/\/www.sera.asso.fr\/index.php\/wp-json\/wp\/v2\/tribe_events_cat?post=30138"}],"curies":[{"name":"wp","href":"https:\/\/api.w.org\/{rel}","templated":true}]}}

<p><strong>Le Festival L’Avenir au Naturel fêtera ses 30 ans les 5 et 6 septembre 2026 à L’Albenc, 38470</strong>.</p>
<p style="text-align: justify;">Pendant deux jours, le village de L’Albenc devient un véritable lieu de découverte et de partage où se croisent initiatives locales, savoir-faire artisanaux, solutions écologiques et réflexions sur notre avenir commun. Le festival a pour ambition de réconcilier l’humain et son environnement, encourager l’engagement citoyen et faire connaître les initiatives qui construisent un monde plus durable.</p>
<p style="text-align: justify;"><a href="https://www.sera.asso.fr/wp-content/uploads/2026/07/ALBENC-2026-.png"><img loading="lazy" decoding="async" class=" wp-image-30249 aligncenter" src="https://www.sera.asso.fr/wp-content/uploads/2026/07/ALBENC-2026--300x169.png" alt="" width="341" height="192" srcset="https://www.sera.asso.fr/wp-content/uploads/2026/07/ALBENC-2026--300x169.png 300w, https://www.sera.asso.fr/wp-content/uploads/2026/07/ALBENC-2026--1024x576.png 1024w, https://www.sera.asso.fr/wp-content/uploads/2026/07/ALBENC-2026--768x432.png 768w, https://www.sera.asso.fr/wp-content/uploads/2026/07/ALBENC-2026--1536x864.png 1536w, https://www.sera.asso.fr/wp-content/uploads/2026/07/ALBENC-2026--140x79.png 140w, https://www.sera.asso.fr/wp-content/uploads/2026/07/ALBENC-2026--250x141.png 250w, https://www.sera.asso.fr/wp-content/uploads/2026/07/ALBENC-2026--1320x743.png 1320w, https://www.sera.asso.fr/wp-content/uploads/2026/07/ALBENC-2026-.png 1920w" sizes="auto, (max-width: 341px) 100vw, 341px" /></a></p>
<p style="text-align: justify;">L’édition 2026 sera particulièrement symbolique puisqu’elle marquera trois décennies d’engagement, de rencontres et de mobilisation citoyenne. Pour célébrer cet anniversaire, les équipes salariées et bénévoles sont déjà mobilisées afin de proposer une édition festive, inspirante et tournée vers l’avenir !</p>
<p><strong>Vous pouvez  télécharger </strong>le kit de communication pour disposer directement chez vous des programmes et visuels du festival 2026. <a href="https://7rog6.r.sp1-brevo.net/mk/cl/f/sh/6rqJfgq8dINmOPnfyBRBXUCpDK0/vDv5BJvbS8TZ" target="_blank" rel="noopener noreferrer" type="absoluteLink">Programmes et visuels festival 2026.</a></p>
<p>Les dernières mises à jour seront <strong>directement publiées sur le site internet</strong> : <a href="https://7rog6.r.sp1-brevo.net/mk/cl/f/sh/6rqJfgq8dIPRQs5pSUqjT5Kkqd2/tnNpBVNjiAaJ" target="_blank" rel="noopener noreferrer" type="absoluteLink" data-fr-linked="true">www.enisere.fr</a></p>

<p>Le Festival L’Avenir au Naturel fêtera ses 30 ans les 5 et 6 septembre 2026 à L’Albenc, 38470. Pendant deux jours, le village de L’Albenc devient un véritable lieu de &hellip; <a href="https://www.sera.asso.fr/index.php/event/30138/" class="more-link">Continuer la lecture de <span class="screen-reader-text">Festival de l&rsquo;ALbenc : 30 ans de l&rsquo;avenir au naturel:  du 5 au 6 septembre</span> <span class="meta-nav">&rarr;</span></a></p>
